 the greatest common factor of z and 32?
8
Let u = -10 + 25. Let j be (u/(-10) + -1)*-2. Suppose -a = -3*r - 5*a + 14, -5*r + j*a = -70. What is the greatest common divisor of r and 10?
10
Suppose 3*t - 5*t + 240 = 0. Let h(m) = -2*m**2 + 7*m + 651. Let r be h(-15). What is the greatest common factor of r and t?
24
Suppose 0 = -5*o + 108 - 68, 5*h = -4*o + 14832. What is the greatest common divisor of h and 1040?
80
Suppose 2*w = -5*h + 298, -5*w - 5*h + 724 - 9 = 0. Let s = w - 91. Let v = -665 - -681. What is the greatest common divisor of v and s?
16
Let t be (21/6 + 2 - 3) + (-1452)/(-88). What is the highest common divisor of t and 3?
1
Suppose 73915 + 5348 = 108*i - 38673. What is the greatest common divisor of 3744 and i?
156
Let q = 0 + 32. Suppose -7*b = -16*b + 3150. Suppose 82 = 27*s - b. Calculate the highest common divisor of s and q.
16
Let a = 3979 + -2801. What is the greatest common divisor of a and 341?
31
Let n(a) = a**2 - 64*a + 79. Let f be n(67). Calculate the highest common divisor of 980 and f.
140
Let y be (-1 + 0)*(0 - 7). Suppose -y*i + 7 = -63. Calculate the highest common factor of 55 and i.
5
Let f be (3 + (408 - 3))/((-1020)/(-112) - 9). What is the highest common factor of f and 170?
34
Let w be 448/48*(-18)/2. Let z = w + 133. What is the highest common divisor of 49 and z?
49
Let v = 22926 - 13188. Calculate the highest common factor of 18 and v.
18
Let g be 4 + -1 - (5 + (-3 - 1)). Suppose -5*o + 63 = g*o. What is the greatest common factor of 81 and o?
9
Let k(y) = 6*y**2 + 5*y - 2. Suppose a = -3 - 1. Let h be k(a). Suppose -526 = -4*q - 3*i - 91, 4*q - 480 = 12*i. What is the greatest common factor of h and q?
37
Let j be (2457/126)/(11/88). What is the highest common factor of j and 15028?
52
Suppose 12*u - 26656 = 26*u. Let s be (-50)/(-4)*u/(-70). Calculate the highest common factor of 40 and s.
20
Let o be 1326 - (-1)/(5/(-5 - 0)). Suppose 3*f + w - o = 0, -f - 5*w + 437 = -0*w. What is the highest common factor of 34 and f?
34
Let t = 15071 - 14993. Calculate the highest common factor of t and 7137.
39
Let b = -13 - -18. Suppose b*g - 72 = 278. Suppose 83*d - 300 = 53*d. What is the highest common factor of d and g?
10
Let j(x) = x**2 + 148*x + 1163. Let y be j(-141). Calculate the highest common factor of y and 4422.
22
Let i = -617 + 629. Calculate the greatest common factor of i and 84.
12
Suppose 422 = -5*t + 4*i + 4592, 2*t = 4*i + 1668. Calculate the greatest common divisor of t and 24.
6
Suppose -90*z + 91*z - 126 = 0. Suppose -77 = -2*s + 31. Suppose -s = 12*w - 15*w. What is the highest common factor of z and w?
18
Let z = 3947 - 2871. What is the greatest common divisor of 4 and z?
4
Let h be -21*((-342)/19)/(7/(-10)). Let n = -76 - h. Calculate the greatest common factor of 16 and n.
16
Let l(x) = -10*x + 26. Let t be l(-5). Suppose -2*a - 51 = -d, 2*d - 6 = -a + t. Calculate the highest common factor of d and 473.
43
Suppose 9*q - 5*c = 5*q + 121, c = -3*q + 105. Let y = q - -134. Calculate the greatest common factor of 48 and y.
24
Let d(x) = -37*x - 1. Let y be d(-1). Let r be -8*6/(-24)*1. Let k be 49 + r - (-18)/6. Calculate the greatest common factor of y and k.
18
Suppose -98 = -6*m + 134 - 22. Suppose -5*g = -4*g - 15. Calculate the highest common factor of m and g.
5
Suppose 0 = -c + 5*g + 1103, 3*c = -21*g + 17*g + 3404. What is the greatest common factor of 168 and c?
24
Let d(w) = -2*w**2 + 17*w + 38. Suppose 4*y + 4*l = 32, -2*y + 0 = 5*l - 13. Let i be d(y). What is the highest common factor of 203 and i?
29
Let g be (195/(-25) - 6)/(-4 + (-1074)/(-270)). Calculate the greatest common divisor of 1518 and g.
69
Suppose 0 = -5*p + 5*k + 140, -k - 108 - 48 = -5*p. Suppose -29*b + p*b - 1122 = 0. What is the highest common factor of 34 and b?
34
Let l = 282 + -280. Let k(o) = 24*o**3 - 2*o - 4. Let v be k(l). Let j be (5 + -2)*23/3. Calculate the highest common divisor of j and v.
23
Let c be ((-100)/4)/5 - -5. Suppose 0*t + 2*t + 4*z - 842 = c, -2 = z. Calculate the greatest common divisor of t and 25.
25
Let n(w) = -9*w + 35. Let r(s) = -26*s + 106. Let b(z) = -11*n(z) + 4*r(z). Let h be b(0). What is the greatest common factor of 26 and h?
13
Suppose -7086*m + 7075*m = -154. What is the highest common divisor of 4186 and m?
14
Let c = 6103 - 6097. Calculate the highest common factor of c and 732.
6
Let g(n) be the first derivative of 13*n**4/4 + 4*n**2 - 20*n + 21. Let y be g(2). Calculate the highest common factor of y and 20.
20
Let v be -101*((-52)/(-2) + -4)*-2. Suppose -v + 818 = -37*c. Let w = 22 - 8. Calculate the greatest common factor of c and w.
14
Suppose 0 = -4*l + 446 + 50. Let u = l + -154. Let b = -14 - u. Calculate the greatest common divisor of b and 1.
1
Suppose -5*b - 2224 = -2*b - 4*c, -4*c = b + 752. Let u = -484 - b. Calculate the highest common divisor of u and 65.
65
Let z(u) = 2*u**2 + 8*u - 15. Suppose 0 = 19*b - 14*b + 50. Let a be z(b). Let n be 291/7 - (-15)/35. What is the highest common divisor of n and a?
21
Suppose -7*c + 28 = -3*c. Suppose m - 35 = 54. Let j = 152 - m. What is the highest common factor of c and j?
7
Let a = -364 - -520. Suppose 5*b - 390 = -2*j, -b - b - 4*j + a = 0. Let y(g) = g**3 + 6. Let m be y(0). What is the highest common factor of m and b?
6
Let q(g) = -255*g + 3400. Let p be q(12). Calculate the highest common divisor of 200 and p.
20
Let u be 3498/15*5/2. What is the greatest common factor of 88 and u?
11
Let g = -112561 + 112765. Let s be (-2)/((-1)/((-102)/(-4))). What is the greatest common factor of s and g?
51
Suppose 269*l - 24939 - 218969 = 32355. What is the highest common factor of l and 158?
79
Let u be (-408)/(-306) + 5180/3. Calculate the highest common divisor of 18 and u.
18
Suppose 0 = 5*k + 4*o - 2554, -161*k + 1536 = -158*k + 3*o. What is the greatest common factor of 88 and k?
22
Let u = 25 - 19. Suppose -3*z = -h - 10, z - u = -2*h + h. Let c be ((-24)/8)/(6/20)*-1. What is the highest common factor of c and h?
2
Suppose 33*w = 4356 + 3762. Suppose 0 = 4*y, 4*l - 6*y + 588 = -2*y. Let k = w + l. What is the greatest common divisor of 11 and k?
11
Suppose 27*g + 1014 = f + 32*g, 3*g = -4*f + 3971. Calculate the greatest common factor of 215 and f.
43
Let u(i) = -6*i + 64. Let s = -61 - -71. Let l be u(s). What is the greatest common factor of l and 4?
4
Suppose 59138 = -42*h + 401822 - 27054. Calculate the greatest common factor of 45 and h.
45
Let m(v) = 3*v**2 + 176*v + 121. Let k be m(-58). Calculate the highest common factor of k and 19.
1
Let i(s) = -20 + 12 + 4*s - 16 - 17 - 7*s. Let c be i(-14). Suppose -2 + 0 = -2*u. What is the highest common divisor of u and c?
1
Let s = -823 - -744. Let g = s - -139. Calculate the highest common factor of 380 and g.
20
Let l(q) = 18*q**2 + 4*q. Let c be (0 + 3 - -1)*1. Suppose 10 = 7*k - c. Let i be l(k). What is the greatest common divisor of i and 16?
16
Let i be (-35)/(-3) - 26/39. Suppose i = 4*p - 1. Let g(w) = -3*w - 3. Let m be g(-4). Calculate the highest common divisor of m and p.
3
Suppose -5029 = -50*z + 10271. Calculate the greatest common divisor of z and 544.
34
Let a be (-2)/((618/(-111652))/((-33)/(-4))). Calculate the highest common divisor of a and 154.
11
Let k = 648 + -189. Suppose 5*x + 5*n = 254 - 94, 62 = 2*x + 3*n. Calculate the greatest common divisor of k and x.
17
Let v be (-819)/(-63) + (-5 - -8). Calculate the greatest common divisor of v and 256.
16
Let k be 48/(-18) + (-7)/((-63)/(-12)). Let g be 572/8 + (-14)/(-4) + k. What is the greatest common factor of g and 497?
71
Suppose 722*x - 28 = -q + 721*x, -4*x - 86 = -5*q. Calculate the highest common factor of q and 170.
2
Let d(o) = -o**2 + 109*o + 375. Let p be d(0). Suppose -5*u = -4*u - 25. Calculate the greatest common factor of u and p.
25
Let h = -36834 - -62754. Calculate the greatest common factor of h and 80.
80
Let l(k) = -9*k - 73. Let b = 84 - 95. Let s be l(b). What is the highest common factor of s and 39?
13
Suppose -8*z = -17*z. Suppose 12*q - 528 + 72 = z. Calculate the greatest common divisor of q and 304.
38
Let r(d) = -43*d - 10 + 34*d - 1. Let s be r(-7). What is the greatest common divisor of 91 and s?
13
Let c = 33319 + -29269. Calculate the greate